t is the tens digit of 126/10 - n/(-20)?
1
Let h(z) = 10*z**2 - 4*z + 1. What is the units digit of h(-2)?
9
Suppose 6*o = o + j + 18, -3*j = 3*o. Let s be (o/(-2))/((-12)/320). Suppose -6*u + u + s = 0. What is the units digit of u?
8
Let k = 147 + 37. What is the units digit of k?
4
Suppose -906 = -11*b + 1206. What is the tens digit of b?
9
Suppose h - 26 = -3*p, -3*p + 2*h = p - 18. What is the units digit of p?
7
Let g(u) = u**3 - 14*u**2 + 2*u - 17. What is the tens digit of g(14)?
1
Let r = 4 + 19. What is the tens digit of r?
2
Let f(r) = r + 4*r - 2 - 1 - 3*r. Let a be f(4). Let h(j) = -j + 11. What is the units digit of h(a)?
6
Let h = 120 + 173. What is the hundreds digit of h?
2
Suppose -9*s = -6*s - 261. Suppose 0*d - 3*d - s = -3*u, 5*u + d - 133 = 0. What is the units digit of u?
7
Let q be -9*1/(-3)*2. Suppose 0 = 5*b - q - 4. Suppose -5*w + 3*d = -b*w - 30, 0 = w + 4*d - 5. What is the units digit of w?
9
Suppose -15 = -0*x - 5*x. Suppose 7 = -x*y + 5*l, y + 0*l = l + 1. What is the units digit of y?
6
Suppose c - 5 = 2*v - 14, 0 = 4*v - 4*c - 20. Suppose v = 2*b - 3*p - 11, b = 5*p + 25. Let a = b - -1. What is the units digit of a?
1
Let u(l) = l**2 - l + 2. What is the tens digit of u(5)?
2
Let l(b) = b**3 + 3*b**2 - 4*b + 17. What is the units digit of l(6)?
7
Let l be (1 - 1) + 4/2. Let r = 9 - l. What is the units digit of r?
7
Let n = -236 - -342. What is the hundreds digit of n?
1
Suppose 70 = v - 4*p, 0 = -3*p - 1 - 11. Let o = v + 11. Suppose o = 3*b + 2*b + 5*r, 0 = -3*r + 12. What is the units digit of b?
9
Suppose -2*q + 3 = 11. Let u(k) = k**3 + 5*k**2 + 3*k - 2. Let r be u(q). Suppose -r*i = -z + 3*i - 1, 2*z - 7 = i. What is the units digit of z?
4
Let n(u) = u**3 - 5*u**2 + 5*u - 3. Let k be n(5). What is the tens digit of 68/6 + k/33?
1
Suppose 0 = 7*n - 3*n. What is the units digit of 2*(n + 5/2)?
5
Let z = 1 - -6. Suppose z*r = 2*r + 40. What is the units digit of r?
8
Let m be 5/((-15)/(-12)) + 0. Suppose m*t - 153 = -37. What is the tens digit of t?
2
Suppose 2*y + 4*g - 376 = 0, 3*y - g - 6 = 537. What is the tens digit of y?
8
Let z(l) = -l**3 - 11*l**2 + l + 8. Let f be z(-11). What is the units digit of (-3)/((-104)/(-36) + f)?
7
Let d = 103 + -45. What is the tens digit of d?
5
Let q(x) = 2*x - 4. Let b be q(10). Let v be 2/5 - 37/5. Let m = v + b. What is the units digit of m?
9
Suppose -7*p + 2*p = -5*d - 30, 3*p = -2*d - 2. Let m be (p*1)/(14/189). Let z = m - 13. What is the units digit of z?
4
Let l(v) be the third derivative of v**4/12 - v**3/2 + 2*v**2. Let p be l(6). What is the units digit of -9*((-3)/p - 0)?
3
Let i(b) = 8*b**3 + b - 4. What is the units digit of i(2)?
2
Suppose -2*h - 120 = -4*j - 40, 4 = j. Let t = h + 54. What is the units digit of t?
2
Let i(f) = -21*f - 6. What is the hundreds digit of i(-6)?
1
Let h(c) = c**2 + 3*c - 5. What is the tens digit of h(5)?
3
Let r = -6 - -7. Suppose 4*g + 9 = r. What is the units digit of (-2)/(-4)*(g + 4)?
1
Let q(s) = -s**2 - 3*s + 5. Let r be 96/10 + 8/20. Let i(h) = h**3 - 9*h**2 - 9*h - 14. Let u be i(r). What is the units digit of q(u)?
1
Let l(z) = z**2 + z - 2. What is the tens digit of l(-5)?
1
Let x(s) be the third derivative of -s**6/60 - s**5/30 + s**4/24 - s**3/3 - 2*s**2. What is the units digit of x(-2)?
4
Let a(v) = -v**3 - v + 1. Let f(u) = 23*u**3 - 4*u + 1. Let j(h) = 2*a(h) - f(h). What is the tens digit of j(-1)?
2
Suppose 0 = 2*h - 5*h + 564. What is the hundreds digit of h?
1
Suppose -205 = -5*l - 5*v, -2*v - 139 = -3*l + 3*v. What is the tens digit of l?
4
Let z(y) = y**2 + 2*y - 5. Let i(t) = t**3 - 7*t**2 - 8*t + 1. Let n be i(8). Let r(o) = -4*o**2 - o + 1. Let f be r(n). What is the units digit of z(f)?
3
Suppose 0 = w - 0*w - 1. Let n be w - 5 - (-4 + 5). What is the units digit of ((-12)/n)/(6/15)?
6
Suppose -5*y + 2*f = 15 - 337, -1 = f. What is the tens digit of y?
6
Let w be (3/(-6))/(5/110). Let z = w - -14. What is the units digit of z?
3
Suppose -z + 5 - 4 = -2*u, 5 = -4*z - u. Let f = z - -9. What is the units digit of f?
8
Let x(l) = -11*l**2 + l. Let n be x(1). Let m = -7 + n. Let d = -11 - m. What is the units digit of d?
6
Let r(c) = -2 - 2 - 8*c + 5. What is the units digit of r(-2)?
7
Suppose -266 - 222 = -4*b. What is the units digit of b?
2
Let n = -6 + 34. What is the tens digit of n?
2
Let w(u) be the first derivative of u**3/3 + 2*u**2 + 2*u - 2. Let a be -2 - (1 - 3) - 4. What is the units digit of w(a)?
2
Let a(q) = -9*q + 17. What is the hundreds digit of a(-12)?
1
Let i be 4/(-18) + (-180)/(-81). Let o = 6 + i. What is the units digit of o?
8
Let q(w) = -3*w + 22. What is the units digit of q(-12)?
8
What is the units digit of (1/2)/(3/300)?
0
Let u(v) = v**3 - 7*v**2 + v. Let b be u(7). Suppose -2*q - 90 = -b*q. What is the units digit of q?
8
Let n = 2 + -1. Let s = n + 4. What is the units digit of s?
5
Suppose -3*i = -0*i - 30. Suppose -2*j + i = -a, -j = -2*a - 2*a - 5. Suppose -b - 4*r = -0*b - 4, -2*b = -j*r - 8. What is the units digit of b?
4
Let x(r) = -r + 3 - 7 - 2. Let s be x(-7). What is the units digit of -6*2/(-3) + s?
5
What is the units digit of (-2851)/(-7) - 22/77?
7
Suppose 2*c - 5*c + q + 11 = 0, 5*c + 5 = -3*q. Suppose -4 = c*p - 36. What is the tens digit of p?
1
What is the units digit of (0 - 3 - -41)/1?
8
Let t = -11 - -15. Suppose 76 = t*l - 5*x, 0*l - 48 = -2*l + 5*x. Suppose 15 = 3*v, 3 = -2*w + v + l. What is the units digit of w?
8
Let i(h) be the first derivative of h**3/3 + 2*h**2 - 4*h - 1. Let f be i(-7). Let x = -8 + f. What is the units digit of x?
9
Let y(v) = v**2 - 6*v + 3. Let a be y(6). Let m(d) = d - 1. Let f be m(-1). Let g = f + a. What is the units digit of g?
1
Let m(u) = 3*u**2 + 2*u + 18. What is the tens digit of m(-9)?
4
Let g(d) = 3*d**2 - d + 0*d + d**3 + 1 - d - 4. What is the units digit of g(-3)?
3
Let k be (-166)/(-10) + 10/25. Let l = k - 9. Let h(o) = o**3 - 7*o**2 - 6*o - 8. What is the units digit of h(l)?
8
Let l = 10 + -14. What is the tens digit of l/(-18) - 500/(-18)?
2
Let k(i) = -i**2 - 8*i - 9. Let f be 0 + -1*(8 - 2). Let y be k(f). Suppose -w + y*w = 12. What is the units digit of w?
6
Let a be (-27)/9 + 6/2. Suppose a = 6*k - k - 30. What is the units digit of k?
6
Let j(s) = -2*s**3 - 2*s**2 + 3*s + 3. Let p be j(-4). Suppose 2*f - k = -6*k + 45, -5*f + p = 4*k. What is the tens digit of f?
1
Let a = 65 - 60. What is the units digit of a?
5
Let l be 4/22 - 155/(-55). Let h = 7 - l. What is the units digit of h?
4
Let z(j) = j**2 + 0*j - 2*j**2 + 0*j**2 + 3*j + 2. Let i(u) = 2*u - 7. Let d be i(5). What is the units digit of z(d)?
2
Let m(y) = 40*y**2 - 2*y - 1. Let a be (-3 - 1 - -5) + -2. What is the tens digit of m(a)?
4
Let y = 37 - 16. Suppose -y = -2*s + 9. What is the tens digit of s?
1
Let z(n) = n**2 + n + 2. Let y = 20 - 16. What is the units digit of z(y)?
2
Let c = -27 - -62. What is the units digit of c?
5
Let o = -51 + 86. What is the tens digit of o?
3
Suppose 3*p - 67 = -2*k, -3*p - 47 = -0*k - k. What is the tens digit of k?
3
Let t = -4 - 1. Let f(m) = -4*m - 6. What is the units digit of f(t)?
4
Let a = -221 + 408. What is the units digit of a?
7
Let v(t) = -t**2 - 7*t + 9. Let m be 74/(-9) - 16/(-72). What is the units digit of v(m)?
1
Let i be (-9)/2 + 9/(-6). Let s = -3 - i. What is the units digit of s?
3
Let q(d) = -2*d**2 + 2*d - 5. Let b(k) = k**3 + 1. Let h(g) = 4*b(g) + q(g). Let i be h(1). What is the units digit of (i/(-2))/((-1)/2)?
3
Suppose -4*b + 2*b + 12 = 0. What is the units digit of b?
6
Suppose -b + 3*b = -2*w, 2*b + w = 2. Let x(m) = m**3 + b*m + m + 0*m - 4*m**2 + m. What is the units digit of x(3)?
3
Let d = -7 + 5. What is the tens digit of 23 + 6 + d + 0?
2
Suppose 2*r - 4 = -2*m, 5*r + 4*m - 8 = 2. Let k = 1 + r. Suppose -k*s = -9, -4*v = -s - 18 + 1. What is the units digit of v?
5
Suppose 6 = 3*n - 6. Suppose n*a = 2 + 50. What is the tens digit of a?
1
Let c be -4*(-1 + (1 - -1)). Let p = c + 12. What is the units digit of p?
8
Suppose 5*m + 2*g - 139 = 0, -3*m + 62 + 31 = -2*g. What is the tens digit of m?
2
Let b(h) = h**3 - 8*h**2 - 6*h - 1. What is the tens digit of b(9)?
2
Let g = 141 + -66. What is the tens digit of g?
7
Suppose w - 2 = 5*x + 42, 5*x + 52 = 3*